{"id":171,"date":"2025-05-26T08:12:51","date_gmt":"2025-05-26T08:12:51","guid":{"rendered":"https:\/\/nordicolier.dk\/?product=reishi-svampe-gummies"},"modified":"2025-06-17T11:59:39","modified_gmt":"2025-06-17T09:59:39","slug":"reishi-svampe-gummies","status":"publish","type":"product","link":"https:\/\/nordicolier.dk\/?product=reishi-svampe-gummies","title":{"rendered":"Reishi svampe gummies"},"content":{"rendered":"<p data-start=\"397\" data-end=\"475\"><span class=\"relative -mx-px my-[-0.2rem] rounded px-px py-[0.2rem] transition-colors duration-100 ease-in-out\"><strong data-start=\"0\" data-end=\"35\" data-is-last-node=\"\" data-is-only-node=\"\">Reishi Svampe Gummies \u2013 60 stk.<\/strong><\/span><\/p>\n<p data-start=\"477\" data-end=\"555\"><span class=\"relative -mx-px my-[-0.2rem] rounded px-px py-[0.2rem] transition-colors duration-100 ease-in-out\">Vores Reishi Svampe Gummies tilbyder en bekvem m\u00e5de at inkludere Reishi (Ganoderma lucidum) i din daglige rutine. Hver gummy indeholder 200 mg \u00f8kologisk Reishi-ekstrakt med en 20:1 koncentration, hvilket svarer til 4000 mg t\u00f8rret Reishi-svamp pr. portion.<\/span><\/p>\n<p data-start=\"557\" data-end=\"577\"><strong data-start=\"557\" data-end=\"577\">Produktdetaljer:<\/strong><\/p>\n<ul data-start=\"579\" data-end=\"926\">\n<li data-start=\"579\" data-end=\"633\">\n<p data-start=\"581\" data-end=\"633\"><strong data-start=\"581\" data-end=\"593\">Indhold:<\/strong> <span class=\"relative -mx-px my-[-0.2rem] rounded px-px py-[0.2rem] transition-colors duration-100 ease-in-out\">60 gummies pr. flaske<\/span><\/p>\n<\/li>\n<li data-start=\"634\" data-end=\"703\">\n<p data-start=\"636\" data-end=\"703\"><strong data-start=\"636\" data-end=\"663\">Anbefalet daglig dosis:<\/strong> <span class=\"relative -mx-px my-[-0.2rem] rounded px-px py-[0.2rem] transition-colors duration-100 ease-in-out\">2 gummies<\/span><\/p>\n<\/li>\n<li data-start=\"704\" data-end=\"766\">\n<p data-start=\"706\" data-end=\"766\"><strong data-start=\"706\" data-end=\"726\">Reishi-ekstrakt:<\/strong> <span class=\"relative -mx-px my-[-0.2rem] rounded px-px py-[0.2rem] transition-colors duration-100 ease-in-out\">200 mg (20:1 koncentration) pr. gummy<\/span><\/p>\n<\/li>\n<li data-start=\"767\" data-end=\"824\">\n<p data-start=\"769\" data-end=\"824\"><strong data-start=\"769\" data-end=\"784\">Produktion:<\/strong> <span class=\"relative -mx-px my-[-0.2rem] rounded px-px py-[0.2rem] transition-colors duration-100 ease-in-out\">Fremstillet i EU<\/span><\/p>\n<\/li>\n<li data-start=\"825\" data-end=\"926\">\n<p data-start=\"827\" data-end=\"926\"><strong data-start=\"827\" data-end=\"847\">Kostinformation:<\/strong> <span class=\"relative -mx-px my-[-0.2rem] rounded px-px py-[0.2rem] transition-colors duration-100 ease-in-out\">Veganske, glutenfri og sukkerfri<\/span><\/p>\n<\/li>\n<\/ul>\n<p data-start=\"928\" data-end=\"945\"><strong data-start=\"928\" data-end=\"945\">Ingredienser:<\/strong><\/p>\n<p data-start=\"947\" data-end=\"1025\"><span class=\"relative -mx-px my-[-0.2rem] rounded px-px py-[0.2rem] transition-colors duration-100 ease-in-out\">Maltitolsirup, Sorbitol, Vand, Pektin, Citronsyre, \u00d8kologisk Reishi-ekstrakt, Svampearoma, Rapsolie, Stivelse, Carnaubavoks, MCT-olie.<\/span><\/p>\n<p data-start=\"1027\" data-end=\"1046\"><strong data-start=\"1027\" data-end=\"1046\">Brugsanvisning:<\/strong><\/p>\n<p data-start=\"1048\" data-end=\"1126\"><span class=\"relative -mx-px my-[-0.2rem] rounded px-px py-[0.2rem] transition-colors duration-100 ease-in-out\">Tag 2 gummies dagligt, medmindre andet er anbefalet af din l\u00e6ge. Overskrid ikke den anbefalede daglige dosis.<\/span><\/p>\n<p data-start=\"1128\" data-end=\"1139\"><strong data-start=\"1128\" data-end=\"1139\">Bem\u00e6rk:<\/strong><\/p>\n<ul data-start=\"1141\" data-end=\"1305\">\n<li data-start=\"1141\" data-end=\"1182\">\n<p data-start=\"1143\" data-end=\"1182\"><span class=\"relative -mx-px my-[-0.2rem] rounded px-px py-[0.2rem] transition-colors duration-100 ease-in-out\">Ikke egnet til b\u00f8rn, gravide eller ammende kvinder.<\/span><\/p>\n<\/li>\n<li data-start=\"1183\" data-end=\"1224\">\n<p data-start=\"1185\" data-end=\"1224\"><span class=\"relative -mx-px my-[-0.2rem] rounded px-px py-[0.2rem] transition-colors duration-100 ease-in-out\">Hvis du er syg eller tager medicin, b\u00f8r du konsultere din l\u00e6ge f\u00f8r brug.<\/span><\/p>\n<\/li>\n<li data-start=\"1225\" data-end=\"1305\">\n<p data-start=\"1227\" data-end=\"1305\"><span class=\"relative -mx-px my-[-0.2rem] rounded px-px py-[0.2rem] transition-colors duration-100 ease-in-out\">Overdrevet indtag kan have en aff\u00f8rende effekt.<\/span><\/p>\n<\/li>\n<\/ul>\n<p data-start=\"1307\" data-end=\"1322\"><strong data-start=\"1307\" data-end=\"1322\">Opbevaring:<\/strong><\/p>\n<p data-start=\"1324\" data-end=\"1402\"><span class=\"relative -mx-px my-[-0.2rem] rounded px-px py-[0.2rem] transition-colors duration-100 ease-in-out\">Opbevares t\u00f8rt og k\u00f8ligt, utilg\u00e6ngeligt for b\u00f8rn.<\/span><\/p>\n","protected":false},"excerpt":{"rendered":"<p data-start=\"162\" data-end=\"236\"><span class=\"relative -mx-px my-[-0.2rem] rounded px-px py-[0.2rem] transition-colors duration-100 ease-in-out\"><strong data-start=\"0\" data-end=\"35\" data-is-last-node=\"\" data-is-only-node=\"\">Reishi Svampe Gummies \u2013 60 stk.<\/strong><\/span><\/p>\n<p data-start=\"238\" data-end=\"314\"><span class=\"relative -mx-px my-[-0.2rem] rounded px-px py-[0.2rem] transition-colors duration-100 ease-in-out\">Nyd en praktisk tilgang til dit daglige kosttilskud med vores veganske, gluten- og sukkerfri Reishi Svampe Gummies. Hver gummy indeholder 200 mg \u00f8kologisk Reishi-ekstrakt (20:1), svarende til 4000 mg t\u00f8rret Reishi-svamp.<\/span><\/p>\n","protected":false},"featured_media":91,"comment_status":"open","ping_status":"closed","template":"","meta":[],"product_brand":[41],"product_cat":[22],"product_tag":[],"class_list":{"0":"post-171","1":"product","2":"type-product","3":"status-publish","4":"has-post-thumbnail","6":"product_brand-nordic-oil-essentials","7":"product_cat-kosttilskud","9":"first","10":"instock","11":"taxable","12":"shipping-taxable","13":"purchasable","14":"product-type-simple"},"_links":{"self":[{"href":"https:\/\/nordicolier.dk\/index.php?rest_route=\/wp\/v2\/product\/171","targetHints":{"allow":["GET"]}}],"collection":[{"href":"https:\/\/nordicolier.dk\/index.php?rest_route=\/wp\/v2\/product"}],"about":[{"href":"https:\/\/nordicolier.dk\/index.php?rest_route=\/wp\/v2\/types\/product"}],"replies":[{"embeddable":true,"href":"https:\/\/nordicolier.dk\/index.php?rest_route=%2Fwp%2Fv2%2Fcomments&post=171"}],"wp:featuredmedia":[{"embeddable":true,"href":"https:\/\/nordicolier.dk\/index.php?rest_route=\/wp\/v2\/media\/91"}],"wp:attachment":[{"href":"https:\/\/nordicolier.dk\/index.php?rest_route=%2Fwp%2Fv2%2Fmedia&parent=171"}],"wp:term":[{"taxonomy":"product_brand","embeddable":true,"href":"https:\/\/nordicolier.dk\/index.php?rest_route=%2Fwp%2Fv2%2Fproduct_brand&post=171"},{"taxonomy":"product_cat","embeddable":true,"href":"https:\/\/nordicolier.dk\/index.php?rest_route=%2Fwp%2Fv2%2Fproduct_cat&post=171"},{"taxonomy":"product_tag","embeddable":true,"href":"https:\/\/nordicolier.dk\/index.php?rest_route=%2Fwp%2Fv2%2Fproduct_tag&post=171"}],"curies":[{"name":"wp","href":"https:\/\/api.w.org\/{rel}","templated":true}]}}