{"id":167,"date":"2025-05-26T08:12:50","date_gmt":"2025-05-26T08:12:50","guid":{"rendered":"https:\/\/nordicolier.dk\/?product=rosenrod-kapsler"},"modified":"2025-06-17T11:59:39","modified_gmt":"2025-06-17T09:59:39","slug":"rosenrod-kapsler","status":"publish","type":"product","link":"https:\/\/nordicolier.dk\/?product=rosenrod-kapsler","title":{"rendered":"Rosenrod-kapsler"},"content":{"rendered":"<p data-start=\"431\" data-end=\"461\"><strong data-start=\"431\" data-end=\"461\">Rosenrod-kapsler \u2013 60 stk.<\/strong><\/p>\n<p data-start=\"463\" data-end=\"581\"><span class=\"relative -mx-px my-[-0.2rem] rounded px-px py-[0.2rem] transition-colors duration-100 ease-in-out\">Disse kapsler indeholder 200 mg standardiseret rosenrod-ekstrakt (Rhodiola rosea L.) pr. kapsel.<\/span> <span class=\"relative -mx-px my-[-0.2rem] rounded px-px py-[0.2rem] transition-colors duration-100 ease-in-out\">Formuleret til daglig brug.<\/span><\/p>\n<p data-start=\"583\" data-end=\"603\"><strong data-start=\"583\" data-end=\"603\">Produktdetaljer:<\/strong><\/p>\n<ul data-start=\"605\" data-end=\"889\">\n<li data-start=\"605\" data-end=\"659\">\n<p data-start=\"607\" data-end=\"659\"><strong data-start=\"607\" data-end=\"619\">Indhold:<\/strong> <span class=\"relative -mx-px my-[-0.2rem] rounded px-px py-[0.2rem] transition-colors duration-100 ease-in-out\">60 kapsler pr. flaske<\/span><\/p>\n<\/li>\n<li data-start=\"660\" data-end=\"729\">\n<p data-start=\"662\" data-end=\"729\"><strong data-start=\"662\" data-end=\"689\">Anbefalet daglig dosis:<\/strong> <span class=\"relative -mx-px my-[-0.2rem] rounded px-px py-[0.2rem] transition-colors duration-100 ease-in-out\">1 kapsel<\/span><\/p>\n<\/li>\n<li data-start=\"730\" data-end=\"787\">\n<p data-start=\"732\" data-end=\"787\"><strong data-start=\"732\" data-end=\"747\">Produktion:<\/strong> <span class=\"relative -mx-px my-[-0.2rem] rounded px-px py-[0.2rem] transition-colors duration-100 ease-in-out\">Fremstillet i EU<\/span><\/p>\n<\/li>\n<li data-start=\"788\" data-end=\"889\">\n<p data-start=\"790\" data-end=\"889\"><strong data-start=\"790\" data-end=\"810\">Kostinformation:<\/strong> <span class=\"relative -mx-px my-[-0.2rem] rounded px-px py-[0.2rem] transition-colors duration-100 ease-in-out\">Vegansk, glutenfri, laktosefri og sukkerfri<\/span><\/p>\n<\/li>\n<\/ul>\n<p data-start=\"891\" data-end=\"908\"><strong data-start=\"891\" data-end=\"908\">Ingredienser:<\/strong><\/p>\n<p data-start=\"910\" data-end=\"988\"><span class=\"relative -mx-px my-[-0.2rem] rounded px-px py-[0.2rem] transition-colors duration-100 ease-in-out\">Rosenrod-ekstrakt (Rhodiola rosea L.), kapselskal (hydroxypropylmethylcellulose), fyldemidler (mikrokrystallinsk cellulose), antiklumpningsmidler (magnesiumsalte af fedtsyrer, siliciumdioxid).<\/span><\/p>\n<p data-start=\"990\" data-end=\"1009\"><strong data-start=\"990\" data-end=\"1009\">Brugsanvisning:<\/strong><\/p>\n<p data-start=\"1011\" data-end=\"1089\"><span class=\"relative -mx-px my-[-0.2rem] rounded px-px py-[0.2rem] transition-colors duration-100 ease-in-out\">Tag 1 kapsel dagligt, helst i forbindelse med et m\u00e5ltid. Overskrid ikke den anbefalede daglige dosis.<\/span><\/p>\n<p data-start=\"1091\" data-end=\"1102\"><strong data-start=\"1091\" data-end=\"1102\">Bem\u00e6rk:<\/strong><\/p>\n<ul data-start=\"1104\" data-end=\"1268\">\n<li data-start=\"1104\" data-end=\"1145\">\n<p data-start=\"1106\" data-end=\"1145\"><span class=\"relative -mx-px my-[-0.2rem] rounded px-px py-[0.2rem] transition-colors duration-100 ease-in-out\">Ikke egnet til b\u00f8rn under 11 \u00e5r.<\/span><\/p>\n<\/li>\n<li data-start=\"1146\" data-end=\"1187\">\n<p data-start=\"1148\" data-end=\"1187\"><span class=\"relative -mx-px my-[-0.2rem] rounded px-px py-[0.2rem] transition-colors duration-100 ease-in-out\">Ved graviditet, amning, sygdom eller medicinbrug b\u00f8r du konsultere din l\u00e6ge f\u00f8r brug.<\/span><\/p>\n<\/li>\n<li data-start=\"1188\" data-end=\"1268\">\n<p data-start=\"1190\" data-end=\"1268\"><span class=\"relative -mx-px my-[-0.2rem] rounded px-px py-[0.2rem] transition-colors duration-100 ease-in-out\">Kosttilskud b\u00f8r ikke tr\u00e6de i stedet for en varieret kost og sund livsstil.<\/span><\/p>\n<\/li>\n<\/ul>\n<p data-start=\"1270\" data-end=\"1285\"><strong data-start=\"1270\" data-end=\"1285\">Opbevaring:<\/strong><\/p>\n<p data-start=\"1287\" data-end=\"1365\"><span class=\"relative -mx-px my-[-0.2rem] rounded px-px py-[0.2rem] transition-colors duration-100 ease-in-out\">Opbevares t\u00f8rt og ved stuetemperatur, utilg\u00e6ngeligt for b\u00f8rn.<\/span><\/p>\n","protected":false},"excerpt":{"rendered":"<p data-start=\"162\" data-end=\"192\"><strong data-start=\"162\" data-end=\"192\">Rosenrod-kapsler \u2013 60 stk.<\/strong><\/p>\n<p data-start=\"194\" data-end=\"348\"><span class=\"relative -mx-px my-[-0.2rem] rounded px-px py-[0.2rem] transition-colors duration-100 ease-in-out\">Hver kapsel indeholder 200 mg standardiseret rosenrod-ekstrakt (Rhodiola rosea L.).<\/span> <span class=\"relative -mx-px my-[-0.2rem] rounded px-px py-[0.2rem] transition-colors duration-100 ease-in-out\">Formuleret til daglig brug.<\/span> <span class=\"relative -mx-px my-[-0.2rem] rounded px-px py-[0.2rem] transition-colors duration-100 ease-in-out\">Vegansk og fri for gluten, laktose og sukker.<\/span><\/p>\n","protected":false},"featured_media":176,"comment_status":"open","ping_status":"closed","template":"","meta":[],"product_brand":[41],"product_cat":[22],"product_tag":[],"class_list":{"0":"post-167","1":"product","2":"type-product","3":"status-publish","4":"has-post-thumbnail","6":"product_brand-nordic-oil-essentials","7":"product_cat-kosttilskud","9":"first","10":"instock","11":"taxable","12":"shipping-taxable","13":"purchasable","14":"product-type-simple"},"_links":{"self":[{"href":"https:\/\/nordicolier.dk\/index.php?rest_route=\/wp\/v2\/product\/167","targetHints":{"allow":["GET"]}}],"collection":[{"href":"https:\/\/nordicolier.dk\/index.php?rest_route=\/wp\/v2\/product"}],"about":[{"href":"https:\/\/nordicolier.dk\/index.php?rest_route=\/wp\/v2\/types\/product"}],"replies":[{"embeddable":true,"href":"https:\/\/nordicolier.dk\/index.php?rest_route=%2Fwp%2Fv2%2Fcomments&post=167"}],"wp:featuredmedia":[{"embeddable":true,"href":"https:\/\/nordicolier.dk\/index.php?rest_route=\/wp\/v2\/media\/176"}],"wp:attachment":[{"href":"https:\/\/nordicolier.dk\/index.php?rest_route=%2Fwp%2Fv2%2Fmedia&parent=167"}],"wp:term":[{"taxonomy":"product_brand","embeddable":true,"href":"https:\/\/nordicolier.dk\/index.php?rest_route=%2Fwp%2Fv2%2Fproduct_brand&post=167"},{"taxonomy":"product_cat","embeddable":true,"href":"https:\/\/nordicolier.dk\/index.php?rest_route=%2Fwp%2Fv2%2Fproduct_cat&post=167"},{"taxonomy":"product_tag","embeddable":true,"href":"https:\/\/nordicolier.dk\/index.php?rest_route=%2Fwp%2Fv2%2Fproduct_tag&post=167"}],"curies":[{"name":"wp","href":"https:\/\/api.w.org\/{rel}","templated":true}]}}