{"id":161,"date":"2025-05-26T08:12:49","date_gmt":"2025-05-26T08:12:49","guid":{"rendered":"https:\/\/nordicolier.dk\/?product=msm-kapsler"},"modified":"2025-06-17T11:59:40","modified_gmt":"2025-06-17T09:59:40","slug":"msm-kapsler","status":"publish","type":"product","link":"https:\/\/nordicolier.dk\/?product=msm-kapsler","title":{"rendered":"MSM Kapsler"},"content":{"rendered":"<p data-start=\"427\" data-end=\"453\"><strong data-start=\"427\" data-end=\"453\">MSM Kapsler \u2013 180 stk.<\/strong><\/p>\n<p data-start=\"455\" data-end=\"573\"><span class=\"relative -mx-px my-[-0.2rem] rounded px-px py-[0.2rem] transition-colors duration-100 ease-in-out\">Disse kapsler indeholder 500 mg methylsulfonylmethan (MSM) pr. kapsel.<\/span> <span class=\"relative -mx-px my-[-0.2rem] rounded px-px py-[0.2rem] transition-colors duration-100 ease-in-out\">Formuleret til daglig brug.<\/span><\/p>\n<p data-start=\"575\" data-end=\"595\"><strong data-start=\"575\" data-end=\"595\">Produktdetaljer:<\/strong><\/p>\n<ul data-start=\"597\" data-end=\"881\">\n<li data-start=\"597\" data-end=\"651\">\n<p data-start=\"599\" data-end=\"651\"><strong data-start=\"599\" data-end=\"611\">Indhold:<\/strong> <span class=\"relative -mx-px my-[-0.2rem] rounded px-px py-[0.2rem] transition-colors duration-100 ease-in-out\">180 kapsler pr. flaske<\/span><\/p>\n<\/li>\n<li data-start=\"652\" data-end=\"721\">\n<p data-start=\"654\" data-end=\"721\"><strong data-start=\"654\" data-end=\"681\">Anbefalet daglig dosis:<\/strong> <span class=\"relative -mx-px my-[-0.2rem] rounded px-px py-[0.2rem] transition-colors duration-100 ease-in-out\">1-2 kapsler<\/span><\/p>\n<\/li>\n<li data-start=\"722\" data-end=\"779\">\n<p data-start=\"724\" data-end=\"779\"><strong data-start=\"724\" data-end=\"739\">Produktion:<\/strong> <span class=\"relative -mx-px my-[-0.2rem] rounded px-px py-[0.2rem] transition-colors duration-100 ease-in-out\">Fremstillet i EU<\/span><\/p>\n<\/li>\n<li data-start=\"780\" data-end=\"881\">\n<p data-start=\"782\" data-end=\"881\"><strong data-start=\"782\" data-end=\"802\">Kostinformation:<\/strong> <span class=\"relative -mx-px my-[-0.2rem] rounded px-px py-[0.2rem] transition-colors duration-100 ease-in-out\">Vegansk, glutenfri, laktosefri og sukkerfri<\/span><\/p>\n<\/li>\n<\/ul>\n<p data-start=\"883\" data-end=\"900\"><strong data-start=\"883\" data-end=\"900\">Ingredienser:<\/strong><\/p>\n<p data-start=\"902\" data-end=\"980\"><span class=\"relative -mx-px my-[-0.2rem] rounded px-px py-[0.2rem] transition-colors duration-100 ease-in-out\">Methylsulfonylmethan (MSM), kapselskal (hydroxypropylmethylcellulose).<\/span><\/p>\n<p data-start=\"982\" data-end=\"1001\"><strong data-start=\"982\" data-end=\"1001\">Brugsanvisning:<\/strong><\/p>\n<p data-start=\"1003\" data-end=\"1081\"><span class=\"relative -mx-px my-[-0.2rem] rounded px-px py-[0.2rem] transition-colors duration-100 ease-in-out\">Tag 1-2 kapsler dagligt, helst i forbindelse med et m\u00e5ltid. Overskrid ikke den anbefalede daglige dosis.<\/span><\/p>\n<p data-start=\"1083\" data-end=\"1094\"><strong data-start=\"1083\" data-end=\"1094\">Bem\u00e6rk:<\/strong><\/p>\n<ul data-start=\"1096\" data-end=\"1260\">\n<li data-start=\"1096\" data-end=\"1137\">\n<p data-start=\"1098\" data-end=\"1137\"><span class=\"relative -mx-px my-[-0.2rem] rounded px-px py-[0.2rem] transition-colors duration-100 ease-in-out\">Ikke egnet til b\u00f8rn under 11 \u00e5r.<\/span><\/p>\n<\/li>\n<li data-start=\"1138\" data-end=\"1179\">\n<p data-start=\"1140\" data-end=\"1179\"><span class=\"relative -mx-px my-[-0.2rem] rounded px-px py-[0.2rem] transition-colors duration-100 ease-in-out\">Ved graviditet, amning, sygdom eller medicinbrug b\u00f8r du konsultere din l\u00e6ge f\u00f8r brug.<\/span><\/p>\n<\/li>\n<li data-start=\"1180\" data-end=\"1260\">\n<p data-start=\"1182\" data-end=\"1260\"><span class=\"relative -mx-px my-[-0.2rem] rounded px-px py-[0.2rem] transition-colors duration-100 ease-in-out\">Kosttilskud b\u00f8r ikke tr\u00e6de i stedet for en varieret kost og sund livsstil.<\/span><\/p>\n<\/li>\n<\/ul>\n<p data-start=\"1262\" data-end=\"1277\"><strong data-start=\"1262\" data-end=\"1277\">Opbevaring:<\/strong><\/p>\n<p data-start=\"1279\" data-end=\"1357\"><span class=\"relative -mx-px my-[-0.2rem] rounded px-px py-[0.2rem] transition-colors duration-100 ease-in-out\">Opbevares t\u00f8rt og ved stuetemperatur, utilg\u00e6ngeligt for b\u00f8rn.<\/span><\/p>\n","protected":false},"excerpt":{"rendered":"<p data-start=\"162\" data-end=\"188\"><strong data-start=\"162\" data-end=\"188\">MSM Kapsler \u2013 180 stk.<\/strong><\/p>\n<p data-start=\"190\" data-end=\"344\"><span class=\"relative -mx-px my-[-0.2rem] rounded px-px py-[0.2rem] transition-colors duration-100 ease-in-out\">Hver kapsel indeholder 500 mg methylsulfonylmethan (MSM).<\/span> <span class=\"relative -mx-px my-[-0.2rem] rounded px-px py-[0.2rem] transition-colors duration-100 ease-in-out\">Formuleret til daglig brug.<\/span> <span class=\"relative -mx-px my-[-0.2rem] rounded px-px py-[0.2rem] transition-colors duration-100 ease-in-out\">Vegansk og fri for gluten, laktose og sukker.<\/span><\/p>\n","protected":false},"featured_media":89,"comment_status":"open","ping_status":"closed","template":"","meta":[],"product_brand":[41],"product_cat":[22],"product_tag":[],"class_list":{"0":"post-161","1":"product","2":"type-product","3":"status-publish","4":"has-post-thumbnail","6":"product_brand-nordic-oil-essentials","7":"product_cat-kosttilskud","9":"first","10":"instock","11":"taxable","12":"shipping-taxable","13":"purchasable","14":"product-type-simple"},"_links":{"self":[{"href":"https:\/\/nordicolier.dk\/index.php?rest_route=\/wp\/v2\/product\/161","targetHints":{"allow":["GET"]}}],"collection":[{"href":"https:\/\/nordicolier.dk\/index.php?rest_route=\/wp\/v2\/product"}],"about":[{"href":"https:\/\/nordicolier.dk\/index.php?rest_route=\/wp\/v2\/types\/product"}],"replies":[{"embeddable":true,"href":"https:\/\/nordicolier.dk\/index.php?rest_route=%2Fwp%2Fv2%2Fcomments&post=161"}],"wp:featuredmedia":[{"embeddable":true,"href":"https:\/\/nordicolier.dk\/index.php?rest_route=\/wp\/v2\/media\/89"}],"wp:attachment":[{"href":"https:\/\/nordicolier.dk\/index.php?rest_route=%2Fwp%2Fv2%2Fmedia&parent=161"}],"wp:term":[{"taxonomy":"product_brand","embeddable":true,"href":"https:\/\/nordicolier.dk\/index.php?rest_route=%2Fwp%2Fv2%2Fproduct_brand&post=161"},{"taxonomy":"product_cat","embeddable":true,"href":"https:\/\/nordicolier.dk\/index.php?rest_route=%2Fwp%2Fv2%2Fproduct_cat&post=161"},{"taxonomy":"product_tag","embeddable":true,"href":"https:\/\/nordicolier.dk\/index.php?rest_route=%2Fwp%2Fv2%2Fproduct_tag&post=161"}],"curies":[{"name":"wp","href":"https:\/\/api.w.org\/{rel}","templated":true}]}}