{"id":160,"date":"2025-05-26T08:12:49","date_gmt":"2025-05-26T08:12:49","guid":{"rendered":"https:\/\/nordicolier.dk\/?product=vitamin-d3-kapsler"},"modified":"2025-06-18T13:36:33","modified_gmt":"2025-06-18T11:36:33","slug":"vitamin-d3-kapsler","status":"publish","type":"product","link":"https:\/\/nordicolier.dk\/?product=vitamin-d3-kapsler","title":{"rendered":"Vitamin D3-kapsler"},"content":{"rendered":"<p data-start=\"433\" data-end=\"465\"><strong data-start=\"433\" data-end=\"465\">Vitamin D3-kapsler \u2013 60 stk.<\/strong><\/p>\n<p data-start=\"467\" data-end=\"585\"><span class=\"relative -mx-px my-[-0.2rem] rounded px-px py-[0.2rem] transition-colors duration-100 ease-in-out\">Disse kapsler indeholder 25 \u00b5g (1000 IU) vegansk cholecalciferol (Vitamin D3) pr. kapsel.<\/span> <span class=\"relative -mx-px my-[-0.2rem] rounded px-px py-[0.2rem] transition-colors duration-100 ease-in-out\">Formuleret til daglig brug.<\/span><\/p>\n<p data-start=\"587\" data-end=\"607\"><strong data-start=\"587\" data-end=\"607\">Produktdetaljer:<\/strong><\/p>\n<ul data-start=\"609\" data-end=\"893\">\n<li data-start=\"609\" data-end=\"663\">\n<p data-start=\"611\" data-end=\"663\"><strong data-start=\"611\" data-end=\"623\">Indhold:<\/strong> <span class=\"relative -mx-px my-[-0.2rem] rounded px-px py-[0.2rem] transition-colors duration-100 ease-in-out\">60 kapsler pr. flaske<\/span><\/p>\n<\/li>\n<li data-start=\"664\" data-end=\"733\">\n<p data-start=\"666\" data-end=\"733\"><strong data-start=\"666\" data-end=\"693\">Anbefalet daglig dosis:<\/strong> <span class=\"relative -mx-px my-[-0.2rem] rounded px-px py-[0.2rem] transition-colors duration-100 ease-in-out\">1 kapsel<\/span><\/p>\n<\/li>\n<li data-start=\"734\" data-end=\"791\">\n<p data-start=\"736\" data-end=\"791\"><strong data-start=\"736\" data-end=\"751\">Produktion:<\/strong> <span class=\"relative -mx-px my-[-0.2rem] rounded px-px py-[0.2rem] transition-colors duration-100 ease-in-out\">Fremstillet i EU<\/span><\/p>\n<\/li>\n<li data-start=\"792\" data-end=\"893\">\n<p data-start=\"794\" data-end=\"893\"><strong data-start=\"794\" data-end=\"814\">Kostinformation:<\/strong> <span class=\"relative -mx-px my-[-0.2rem] rounded px-px py-[0.2rem] transition-colors duration-100 ease-in-out\">Vegansk, glutenfri, laktosefri og sukkerfri<\/span><\/p>\n<\/li>\n<\/ul>\n<p data-start=\"895\" data-end=\"912\"><strong data-start=\"895\" data-end=\"912\">Ingredienser:<\/strong><\/p>\n<p data-start=\"914\" data-end=\"992\"><span class=\"relative -mx-px my-[-0.2rem] rounded px-px py-[0.2rem] transition-colors duration-100 ease-in-out\">Vegansk cholecalciferol (Vitamin D3), kapselskal (hydroxypropylmethylcellulose).<\/span><\/p>\n<p data-start=\"994\" data-end=\"1013\"><strong data-start=\"994\" data-end=\"1013\">Brugsanvisning:<\/strong><\/p>\n<p data-start=\"1015\" data-end=\"1093\"><span class=\"relative -mx-px my-[-0.2rem] rounded px-px py-[0.2rem] transition-colors duration-100 ease-in-out\">Tag 1 kapsel dagligt, helst i forbindelse med et m\u00e5ltid. Overskrid ikke den anbefalede daglige dosis.<\/span><\/p>\n<p data-start=\"1095\" data-end=\"1106\"><strong data-start=\"1095\" data-end=\"1106\">Bem\u00e6rk:<\/strong><\/p>\n<ul data-start=\"1108\" data-end=\"1272\">\n<li data-start=\"1108\" data-end=\"1149\">\n<p data-start=\"1110\" data-end=\"1149\"><span class=\"relative -mx-px my-[-0.2rem] rounded px-px py-[0.2rem] transition-colors duration-100 ease-in-out\">Ikke egnet til b\u00f8rn under 11 \u00e5r.<\/span><\/p>\n<\/li>\n<li data-start=\"1150\" data-end=\"1191\">\n<p data-start=\"1152\" data-end=\"1191\"><span class=\"relative -mx-px my-[-0.2rem] rounded px-px py-[0.2rem] transition-colors duration-100 ease-in-out\">Ved graviditet, amning, sygdom eller medicinbrug b\u00f8r du konsultere din l\u00e6ge f\u00f8r brug.<\/span><\/p>\n<\/li>\n<li data-start=\"1192\" data-end=\"1272\">\n<p data-start=\"1194\" data-end=\"1272\"><span class=\"relative -mx-px my-[-0.2rem] rounded px-px py-[0.2rem] transition-colors duration-100 ease-in-out\">Kosttilskud b\u00f8r ikke tr\u00e6de i stedet for en varieret kost og sund livsstil.<\/span><\/p>\n<\/li>\n<\/ul>\n<p data-start=\"1274\" data-end=\"1289\"><strong data-start=\"1274\" data-end=\"1289\">Opbevaring:<\/strong><\/p>\n<p data-start=\"1291\" data-end=\"1369\"><span class=\"relative -mx-px my-[-0.2rem] rounded px-px py-[0.2rem] transition-colors duration-100 ease-in-out\">Opbevares t\u00f8rt og ved stuetemperatur, utilg\u00e6ngeligt for b\u00f8rn.<\/span><\/p>\n","protected":false},"excerpt":{"rendered":"<p data-start=\"162\" data-end=\"194\"><strong data-start=\"162\" data-end=\"194\">Vitamin D3-kapsler \u2013 60 stk.<\/strong><\/p>\n<p data-start=\"196\" data-end=\"350\"><span class=\"relative -mx-px my-[-0.2rem] rounded px-px py-[0.2rem] transition-colors duration-100 ease-in-out\">Hver kapsel indeholder 25 \u00b5g (1000 IU) vegansk cholecalciferol (Vitamin D3).<\/span> <span class=\"relative -mx-px my-[-0.2rem] rounded px-px py-[0.2rem] transition-colors duration-100 ease-in-out\">Formuleret til daglig brug.<\/span> <span class=\"relative -mx-px my-[-0.2rem] rounded px-px py-[0.2rem] transition-colors duration-100 ease-in-out\">Vegansk og fri for gluten, laktose og sukker.<\/span><\/p>\n","protected":false},"featured_media":87,"comment_status":"open","ping_status":"closed","template":"","meta":[],"product_brand":[41],"product_cat":[22],"product_tag":[],"class_list":{"0":"post-160","1":"product","2":"type-product","3":"status-publish","4":"has-post-thumbnail","6":"product_brand-nordic-oil-essentials","7":"product_cat-kosttilskud","9":"first","10":"instock","11":"taxable","12":"shipping-taxable","13":"purchasable","14":"product-type-simple"},"_links":{"self":[{"href":"https:\/\/nordicolier.dk\/index.php?rest_route=\/wp\/v2\/product\/160","targetHints":{"allow":["GET"]}}],"collection":[{"href":"https:\/\/nordicolier.dk\/index.php?rest_route=\/wp\/v2\/product"}],"about":[{"href":"https:\/\/nordicolier.dk\/index.php?rest_route=\/wp\/v2\/types\/product"}],"replies":[{"embeddable":true,"href":"https:\/\/nordicolier.dk\/index.php?rest_route=%2Fwp%2Fv2%2Fcomments&post=160"}],"wp:featuredmedia":[{"embeddable":true,"href":"https:\/\/nordicolier.dk\/index.php?rest_route=\/wp\/v2\/media\/87"}],"wp:attachment":[{"href":"https:\/\/nordicolier.dk\/index.php?rest_route=%2Fwp%2Fv2%2Fmedia&parent=160"}],"wp:term":[{"taxonomy":"product_brand","embeddable":true,"href":"https:\/\/nordicolier.dk\/index.php?rest_route=%2Fwp%2Fv2%2Fproduct_brand&post=160"},{"taxonomy":"product_cat","embeddable":true,"href":"https:\/\/nordicolier.dk\/index.php?rest_route=%2Fwp%2Fv2%2Fproduct_cat&post=160"},{"taxonomy":"product_tag","embeddable":true,"href":"https:\/\/nordicolier.dk\/index.php?rest_route=%2Fwp%2Fv2%2Fproduct_tag&post=160"}],"curies":[{"name":"wp","href":"https:\/\/api.w.org\/{rel}","templated":true}]}}