{"id":103,"date":"2025-02-28T13:13:13","date_gmt":"2025-02-28T13:13:13","guid":{"rendered":"https:\/\/nordicolier.dk\/?page_id=103"},"modified":"2025-06-17T12:14:39","modified_gmt":"2025-06-17T10:14:39","slug":"kontakt-os","status":"publish","type":"page","link":"https:\/\/nordicolier.dk\/?page_id=103","title":{"rendered":"Kontakt os"},"content":{"rendered":"\n<p><strong>Kontakt os<\/strong><\/p>\n\n\n\n<p>Har du sp\u00f8rgsm\u00e5l til vores produkter, ordrestatus eller andet vedr\u00f8rende din shoppingoplevelse hos NordicOlier.dk, er du altid velkommen til at kontakte os. Vi bestr\u00e6ber os p\u00e5 at svare hurtigst muligt.<\/p>\n\n\n\n<hr class=\"wp-block-separator has-alpha-channel-opacity\"\/>\n\n\n\n<h2 class=\"wp-block-heading\">1. E-mail<\/h2>\n\n\n\n<p>Du kan sende os en mail med dit sp\u00f8rgsm\u00e5l eller din foresp\u00f8rgsel p\u00e5:<br><strong><a>info@nordicolier.dk<\/a><\/strong><\/p>\n\n\n\n<p>Vi besvarer alle henvendelser i den r\u00e6kkef\u00f8lge, de modtages, og vi bestr\u00e6ber os p\u00e5 at svare inden for 24 timer p\u00e5 hverdage.<\/p>\n\n\n\n<hr class=\"wp-block-separator has-alpha-channel-opacity\"\/>\n\n\n\n<h2 class=\"wp-block-heading\">2. Telefon<\/h2>\n\n\n\n<p>\u00d8nsker du at tale med os direkte, kan du ringe p\u00e5:<br><strong>+49 0151 25027861<\/strong><\/p>\n\n\n\n<p>Telefontid: Mandag-fredag 09:00 &#8211; 15:00 (undtagen helligdage). Skulle du ringe uden for \u00e5bningstid, er du velkommen til at sende en e-mail i stedet.<\/p>\n\n\n\n<hr class=\"wp-block-separator has-alpha-channel-opacity\"\/>\n\n\n\n<h2 class=\"wp-block-heading\"><\/h2>\n\n\n\n<div class=\"wpcf7 no-js\" id=\"wpcf7-f196-o1\" lang=\"da-DK\" dir=\"ltr\" data-wpcf7-id=\"196\">\n<div class=\"screen-reader-response\"><p role=\"status\" aria-live=\"polite\" aria-atomic=\"true\"><\/p> <ul><\/ul><\/div>\n<form action=\"\/index.php?rest_route=%2Fwp%2Fv2%2Fpages%2F103#wpcf7-f196-o1\" method=\"post\" class=\"wpcf7-form init\" aria-label=\"Kontaktformular\" novalidate=\"novalidate\" data-status=\"init\">\n<fieldset class=\"hidden-fields-container\"><input type=\"hidden\" name=\"_wpcf7\" value=\"196\" \/><input type=\"hidden\" name=\"_wpcf7_version\" value=\"6.1\" \/><input type=\"hidden\" name=\"_wpcf7_locale\" value=\"da_DK\" \/><input type=\"hidden\" name=\"_wpcf7_unit_tag\" value=\"wpcf7-f196-o1\" \/><input type=\"hidden\" name=\"_wpcf7_container_post\" value=\"0\" \/><input type=\"hidden\" name=\"_wpcf7_posted_data_hash\" value=\"\" \/>\n<\/fieldset>\n<p><label> Dit navn<br \/>\n<span class=\"wpcf7-form-control-wrap\" data-name=\"your-name\"><input size=\"40\" maxlength=\"400\" class=\"wpcf7-form-control wpcf7-text wpcf7-validates-as-required\" autocomplete=\"name\" aria-required=\"true\" aria-invalid=\"false\" value=\"\" type=\"text\" name=\"your-name\" \/><\/span> <\/label>\n<\/p>\n<p><label> Din e-mail<br \/>\n<span class=\"wpcf7-form-control-wrap\" data-name=\"your-email\"><input size=\"40\" maxlength=\"400\" class=\"wpcf7-form-control wpcf7-email wpcf7-validates-as-required wpcf7-text wpcf7-validates-as-email\" autocomplete=\"email\" aria-required=\"true\" aria-invalid=\"false\" value=\"\" type=\"email\" name=\"your-email\" \/><\/span> <\/label>\n<\/p>\n<p><label> Din besked<br \/>\n<span class=\"wpcf7-form-control-wrap\" data-name=\"your-message\"><textarea cols=\"40\" rows=\"10\" maxlength=\"2000\" class=\"wpcf7-form-control wpcf7-textarea wpcf7-validates-as-required\" aria-required=\"true\" aria-invalid=\"false\" name=\"your-message\"><\/textarea><\/span> <\/label>\n<\/p>\n<p><input class=\"wpcf7-form-control wpcf7-submit has-spinner\" type=\"submit\" value=\"Send\" \/>\n<\/p><div class=\"wpcf7-response-output\" aria-hidden=\"true\"><\/div>\n<\/form>\n<\/div>\n\n","protected":false},"excerpt":{"rendered":"<p>Kontakt os Har du sp\u00f8rgsm\u00e5l til vores produkter, ordrestatus eller andet vedr\u00f8rende din shoppingoplevelse hos NordicOlier.dk, er du altid velkommen til at kontakte os. Vi bestr\u00e6ber os p\u00e5 at svare hurtigst muligt. 1. E-mail Du kan sende os en mail med dit sp\u00f8rgsm\u00e5l eller din foresp\u00f8rgsel p\u00e5:info@nordicolier.dk Vi besvarer alle henvendelser i den r\u00e6kkef\u00f8lge, de [&#8230;]\n","protected":false},"author":1,"featured_media":0,"parent":0,"menu_order":0,"comment_status":"closed","ping_status":"closed","template":"","meta":{"footnotes":""},"class_list":["post-103","page","type-page","status-publish","hentry"],"_links":{"self":[{"href":"https:\/\/nordicolier.dk\/index.php?rest_route=\/wp\/v2\/pages\/103","targetHints":{"allow":["GET"]}}],"collection":[{"href":"https:\/\/nordicolier.dk\/index.php?rest_route=\/wp\/v2\/pages"}],"about":[{"href":"https:\/\/nordicolier.dk\/index.php?rest_route=\/wp\/v2\/types\/page"}],"author":[{"embeddable":true,"href":"https:\/\/nordicolier.dk\/index.php?rest_route=\/wp\/v2\/users\/1"}],"replies":[{"embeddable":true,"href":"https:\/\/nordicolier.dk\/index.php?rest_route=%2Fwp%2Fv2%2Fcomments&post=103"}],"version-history":[{"count":4,"href":"https:\/\/nordicolier.dk\/index.php?rest_route=\/wp\/v2\/pages\/103\/revisions"}],"predecessor-version":[{"id":197,"href":"https:\/\/nordicolier.dk\/index.php?rest_route=\/wp\/v2\/pages\/103\/revisions\/197"}],"wp:attachment":[{"href":"https:\/\/nordicolier.dk\/index.php?rest_route=%2Fwp%2Fv2%2Fmedia&parent=103"}],"curies":[{"name":"wp","href":"https:\/\/api.w.org\/{rel}","templated":true}]}}